{"id":272,"date":"2025-12-15T21:32:47","date_gmt":"2025-12-15T20:32:47","guid":{"rendered":"https:\/\/chtjura.ch\/?page_id=272"},"modified":"2025-12-16T14:51:48","modified_gmt":"2025-12-16T13:51:48","slug":"ils-parlent-de-nous","status":"publish","type":"page","link":"https:\/\/chtjura.ch\/?page_id=272","title":{"rendered":"Ils parlent de nous"},"content":{"rendered":"\n<div class=\"wp-block-cover alignfull has-custom-content-position is-position-bottom-center has-text-color\" style=\"color:#422f01;padding-top:120px;padding-bottom:140px;min-height:759px;aspect-ratio:unset;\"><img loading=\"lazy\" decoding=\"async\" width=\"2250\" height=\"1500\" class=\"wp-block-cover__image-background wp-image-293 size-full\" alt=\"\" src=\"https:\/\/chtjura.ch\/wp-content\/uploads\/2025\/12\/DSC05779web.jpg\" data-object-fit=\"cover\" srcset=\"https:\/\/chtjura.ch\/wp-content\/uploads\/2025\/12\/DSC05779web.jpg 2250w, https:\/\/chtjura.ch\/wp-content\/uploads\/2025\/12\/DSC05779web-300x200.jpg 300w, https:\/\/chtjura.ch\/wp-content\/uploads\/2025\/12\/DSC05779web-1024x683.jpg 1024w, https:\/\/chtjura.ch\/wp-content\/uploads\/2025\/12\/DSC05779web-768x512.jpg 768w, https:\/\/chtjura.ch\/wp-content\/uploads\/2025\/12\/DSC05779web-1536x1024.jpg 1536w, https:\/\/chtjura.ch\/wp-content\/uploads\/2025\/12\/DSC05779web-2048x1365.jpg 2048w\" sizes=\"auto, (max-width: 2250px) 100vw, 2250px\" \/><span aria-hidden=\"true\" class=\"wp-block-cover__background has-theme-palette-3-background-color has-background-dim-20 has-background-dim\"><\/span><div class=\"wp-block-cover__inner-container is-layout-constrained wp-container-core-cover-is-layout-840c11eb wp-block-cover-is-layout-constrained\">\n<div class=\"wp-block-group alignwide\"><div class=\"wp-block-group__inner-container is-layout-constrained wp-block-group-is-layout-constrained\">\n<div class=\"wp-block-columns alignwide are-vertically-aligned-center is-layout-flex wp-container-core-columns-is-layout-9d6595d7 wp-block-columns-is-layout-flex\">\n<div class=\"wp-block-column is-layout-flow wp-block-column-is-layout-flow\">\n<p class=\"has-text-align-center has-theme-palette-9-color has-text-color has-link-color wp-elements-8578b8f92c7ac5fcdd696d97f4a07bdf\" style=\"font-size:100px\"><strong>Ils parlent de nous<\/strong><\/p>\n<\/div>\n<\/div>\n<\/div><\/div>\n\n\n\n<p><\/p>\n\n\n\n<p><\/p>\n\n\n\n<p><\/p>\n\n\n\n<p><\/p>\n<\/div><\/div>\n\n\n\n<h2 class=\"wp-block-heading has-larger-font-size\">Le Quotidien Jurassien<\/h2>\n\n\n\n<p class=\"has-medium-font-size\">Des chiens de th\u00e9rapie pour \u00e9gayer le quotidien des malades et des r\u00e9sidents<\/p>\n\n\n\n<div class=\"wp-block-buttons is-layout-flex wp-block-buttons-is-layout-flex\">\n<div class=\"wp-block-button is-style-fill\"><a class=\"wp-block-button__link has-theme-palette-8-color has-text-color has-background has-link-color has-medium-font-size has-custom-font-size wp-element-button\" href=\"https:\/\/www.lqj.ch\/articles\/des-chiens-de-therapie-pour-egayer-le-quotidien-des-malades-et-des-residents-22588\" style=\"border-top-left-radius:15px;border-top-right-radius:15px;border-bottom-left-radius:15px;border-bottom-right-radius:15px;background-color:#5da8b2eb\">Lire<\/a><\/div>\n<\/div>\n\n\n\n<p class=\"has-medium-font-size\">Des chiens de th\u00e9rapie en milieu hospitalier, notamment aux soins palliatifs<\/p>\n\n\n\n<div class=\"wp-block-buttons is-layout-flex wp-block-buttons-is-layout-flex\">\n<div class=\"wp-block-button is-style-fill\"><a class=\"wp-block-button__link has-theme-palette-8-color has-text-color has-background has-link-color has-medium-font-size has-custom-font-size wp-element-button\" href=\"https:\/\/www.lqj.ch\/articles\/des-chiens-de-therapie-en-milieu-hospitalier-notamment-aux-soins-palliatifs-42191\" style=\"border-top-left-radius:15px;border-top-right-radius:15px;border-bottom-left-radius:15px;border-bottom-right-radius:15px;background-color:#5da8b2eb\">Lire<\/a><\/div>\n<\/div>\n\n\n\n<h2 class=\"wp-block-heading has-larger-font-size\">RFJ<\/h2>\n\n\n\n<p class=\"has-medium-font-size\">De nouveaux b\u00e9n\u00e9voles pour l&rsquo;accompagnement des chiens de th\u00e9rapie<\/p>\n\n\n\n<div class=\"wp-block-buttons is-layout-flex wp-block-buttons-is-layout-flex\">\n<div class=\"wp-block-button is-style-fill\"><a class=\"wp-block-button__link has-theme-palette-8-color has-text-color has-background has-link-color has-medium-font-size has-custom-font-size wp-element-button\" href=\"https:\/\/www.rfj.ch\/rfj\/Actualite\/Region\/20240703-Des-nouveaux-chiens-de-therapie-ont-ete-formes.html\" style=\"border-top-left-radius:15px;border-top-right-radius:15px;border-bottom-left-radius:15px;border-bottom-right-radius:15px;background-color:#5da8b2eb\">Lire<\/a><\/div>\n<\/div>\n\n\n\n<h2 class=\"wp-block-heading has-larger-font-size\">L&rsquo;Ajoie<\/h2>\n\n\n\n<p>Un amour de chien de th\u00e9rapie<\/p>\n\n\n\n<div class=\"wp-block-buttons is-layout-flex wp-block-buttons-is-layout-flex\">\n<div class=\"wp-block-button is-style-fill\"><a class=\"wp-block-button__link has-theme-palette-8-color has-text-color has-background has-link-color has-medium-font-size has-custom-font-size wp-element-button\" href=\"https:\/\/www.journal-lajoie.ch\/un-amour-de-chien-de-therapie\/\" style=\"border-top-left-radius:15px;border-top-right-radius:15px;border-bottom-left-radius:15px;border-bottom-right-radius:15px;background-color:#5da8b2eb\">Lire<\/a><\/div>\n<\/div>\n","protected":false},"excerpt":{"rendered":"<p>Le Quotidien Jurassien Des chiens de th\u00e9rapie pour \u00e9gayer le quotidien des malades et des r\u00e9sidents Des chiens de th\u00e9rapie en milieu hospitalier, notamment aux soins palliatifs RFJ De nouveaux b\u00e9n\u00e9voles pour l&rsquo;accompagnement des chiens de th\u00e9rapie L&rsquo;Ajoie Un amour de chien de th\u00e9rapie<\/p>\n","protected":false},"author":1,"featured_media":0,"parent":0,"menu_order":0,"comment_status":"closed","ping_status":"closed","template":"","meta":{"_kad_post_transparent":"","_kad_post_title":"","_kad_post_layout":"","_kad_post_sidebar_id":"","_kad_post_content_style":"","_kad_post_vertical_padding":"","_kad_post_feature":"","_kad_post_feature_position":"","_kad_post_header":false,"_kad_post_footer":false,"_kad_post_classname":"","footnotes":""},"class_list":["post-272","page","type-page","status-publish","hentry"],"_links":{"self":[{"href":"https:\/\/chtjura.ch\/index.php?rest_route=\/wp\/v2\/pages\/272","targetHints":{"allow":["GET"]}}],"collection":[{"href":"https:\/\/chtjura.ch\/index.php?rest_route=\/wp\/v2\/pages"}],"about":[{"href":"https:\/\/chtjura.ch\/index.php?rest_route=\/wp\/v2\/types\/page"}],"author":[{"embeddable":true,"href":"https:\/\/chtjura.ch\/index.php?rest_route=\/wp\/v2\/users\/1"}],"replies":[{"embeddable":true,"href":"https:\/\/chtjura.ch\/index.php?rest_route=%2Fwp%2Fv2%2Fcomments&post=272"}],"version-history":[{"count":9,"href":"https:\/\/chtjura.ch\/index.php?rest_route=\/wp\/v2\/pages\/272\/revisions"}],"predecessor-version":[{"id":295,"href":"https:\/\/chtjura.ch\/index.php?rest_route=\/wp\/v2\/pages\/272\/revisions\/295"}],"wp:attachment":[{"href":"https:\/\/chtjura.ch\/index.php?rest_route=%2Fwp%2Fv2%2Fmedia&parent=272"}],"curies":[{"name":"wp","href":"https:\/\/api.w.org\/{rel}","templated":true}]}}